t is the units digit of b?
3
Let d = 1182 - 687. What is the tens digit of d?
9
Suppose 0 = 21*q - 72 - 138. Suppose 5*y + 1210 = q*y. What is the units digit of y?
2
Suppose -4*v = -742 - 62. Let t = -298 + 303. Suppose 0 = 2*q + 3*q + 5*i - 205, t*q + 4*i - v = 0. What is the units digit of q?
7
What is the units digit of (-14 - -2)*395/(-15)?
6
Suppose -4*p + 7*i + 3132 = 3*i, 4*p + i - 3122 = 0. What is the hundreds digit of p?
7
What is the hundreds digit of 381485/195 - 2/6?
9
Let v(n) = -n**2 - 4*n - 3. Let w be v(-3). Suppose 4*m + 148 - 44 = w. Let u = 37 + m. What is the tens digit of u?
1
Let n be -1 - 2/4*-2. Suppose 0 = b - n*b - i + 8, 3*b = -i - 24. What is the units digit of 18/b*24/(-9)?
6
Let x = 2923 - 997. What is the hundreds digit of x?
9
Let b be (9/6 + -2)*-186. Suppose 62 = 3*k - n - 31, -3*k + b = -2*n. What is the units digit of k?
1
Suppose 2*l - 76 = -2*t, -2*t + 4 + 35 = l. Suppose 0 = i + 6 - 8. Suppose -3*m + i*m - l = -r, -5*r - 4*m + 149 = 0. What is the tens digit of r?
3
Let p be (-2)/(-14) - (-273704)/(-28). What is the units digit of p/(-34) - 2/4?
7
Let n(q) = -4*q**3 + 9*q**2 + 13*q + 9. What is the tens digit of n(-5)?
6
Let f be 0 - -2 - (-16 - 2). Suppose -4*l + f = 0, 11 - 31 = 2*s - 4*l. Suppose s = -4*k + 14 + 26. What is the units digit of k?
0
What is the hundreds digit of (-1530)/(-204)*(-924)/(-5)?
3
Let r(v) be the third derivative of -v**6/120 + v**5/30 - v**4/12 + 26*v**3/3 - 34*v**2. What is the tens digit of r(0)?
5
Suppose 173 + 6259 = 12*b. What is the hundreds digit of b?
5
Let y = 163 - 91. Suppose -4*u + 2*u + y = 0. Suppose -c = 3*c - u. What is the units digit of c?
9
Suppose 70 = 4*a - 730. Let u = a + 98. What is the hundreds digit of u?
2
Let k be (-48)/2 - (1 - 1). Let j = k - -48. Suppose 2*w + 5*y - 39 = 0, -3*y + 2*y = w - j. What is the units digit of w?
7
Let o(b) = -b**3 + 27*b**2 + 41*b - 8. What is the units digit of o(28)?
6
Let f(j) = j**3 + 10*j**2 - j - 5. Let b be f(-10). Suppose b*y = k - 4*k + 24, 3*k = 3*y. What is the units digit of y?
3
Let u = 1413 - 670. What is the hundreds digit of u?
7
Suppose 37*a - 645 - 11676 = 0. What is the hundreds digit of a?
3
Let n = 24 + -24. Let k(b) = n*b - 2*b + 25 - 27 + 3*b. What is the units digit of k(5)?
3
Suppose b + 3*z = -2*z + 87, 0 = -2*z. What is the units digit of (b/2)/((-3)/(-6))?
7
Let j = 143 - -85. What is the tens digit of j?
2
Let o be (-2 + (-64)/(-28))*14. Suppose j + 0*t = 2*t - 5, j = -o*t + 25. Suppose -j*l + 59 = -106. What is the units digit of l?
3
Let v be 6*7/(105/20). Suppose 28 = v*w - 36. What is the units digit of w?
8
Let f(h) = 4*h**2 - 13*h - 1. Let o be f(6). Suppose -v = 2*v - 9. What is the tens digit of (-12)/v + o + 1?
6
Let u(b) = -14*b + 12. Let h(n) = n**3 - 7*n**2 - 4*n + 16. Let y be h(7). What is the hundreds digit of u(y)?
1
Let w(k) = 14*k + 6. Suppose 5*o - 4*c - 27 = -c, 0 = 5*c + 20. What is the tens digit of w(o)?
4
Let u be 1/(3440/1148 + -1 + -2). Let n = u + 440. What is the units digit of n?
3
Let j(i) = -3*i - 9. Let f be (-38)/(-247) + 80/(-13). What is the units digit of j(f)?
9
Suppose -3*q + q = -12. Let y be (-5)/(-3)*18/q. Suppose y*n - 42 = 38. What is the units digit of n?
6
Suppose -5*o + 9796 = -2*a, -6*a + 11*a = 5*o - 9805. What is the tens digit of o?
5
Let w = -941 - -2771. What is the units digit of w?
0
Let a(k) = -k**3 + 19*k**2 - 7*k - 75. What is the hundreds digit of a(18)?
1
Suppose u + 3*m = -2*u, -4*u + 3*m + 14 = 0. Let q(r) = 2*r**2 - 4*r + 2. Let f be q(u). Suppose -3*w = -f*w - 11. What is the tens digit of w?
1
Suppose 66*r + 1079 = 6359. What is the units digit of r?
0
Let a = 146 - 3. What is the hundreds digit of a?
1
Let n be (-78)/(-5) + (-10)/(-25). What is the units digit of ((-44)/n)/(1/(-20))?
5
Let u(r) = r**3 - 2*r**2 + 2*r + 2. Let x be u(3). Suppose x + 5 = h. Suppose 6 = -n + k + h, -k + 12 = n. What is the units digit of n?
4
Let u = 283 + -130. What is the hundreds digit of u?
1
Suppose 21 = -0*d + 2*d + k, -5*d - 4*k = -60. Suppose -v - d = v. What is the tens digit of v/((-12)/75) - 3?
2
What is the units digit of 8/6 - 2 - 29235/(-45)?
9
Let t = -17 + 6. Let g = t + 13. Suppose -43 - 31 = -g*w. What is the tens digit of w?
3
Let m = -1 - -14. Suppose 8*w - 27 = m. Suppose -5*p + 232 = 2*t - 138, 4*p - 296 = w*t. What is the units digit of p?
4
Suppose 0 = -2*o + 1515 + 431. What is the units digit of o?
3
Let k(x) be the second derivative of -19*x**3/3 - x**2 + 9*x. Let l be k(-3). Let g = 161 - l. What is the tens digit of g?
4
Let t = 26 + -26. Suppose -20*n + 24*n - 648 = t. Suppose 4*u - n = 14. What is the units digit of u?
4
Let y(v) = v**2 + 2*v - 1. Let u be y(-5). Let h = -6 + u. Let a = h - 4. What is the units digit of a?
4
What is the thousands digit of 118/(-649) + (-30626)/(-11)?
2
Let h = 3342 - 1927. What is the thousands digit of h?
1
Let q be (-7)/56 - (-385)/8. Let t = 70 - q. What is the tens digit of t?
2
Let c(o) = -2*o**3 - 13*o**2 - 2*o - 115. Let u(r) = r**3 + 7*r**2 + r + 58. Let z(s) = -6*c(s) - 11*u(s). Suppose 6*k - 6 = -6. What is the tens digit of z(k)?
5
Let d be (-76)/(-14) + 18/(-42). What is the tens digit of 184 + (7 - (9 - d))?
8
Let z(g) = -3*g - 8. Let w(k) = -3*k - 8. Let s(h) = 5*w(h) - 4*z(h). Let m = 14 - 22. What is the units digit of s(m)?
6
Let i = 5257 + -2464. What is the tens digit of i?
9
Let a(z) = -z + 8. Let v be a(4). Suppose -w = 2*b - 140, v*b - 2*w = -0*w + 296. What is the tens digit of b?
7
What is the hundreds digit of 716 - 6/(12/10)?
7
Let m = 39 + -55. What is the units digit of (-84)/m + (-2)/8?
5
Let r(w) = -2*w**3 - 1 + 0*w**2 - 7*w**2 - 1 + w**3. Let h be r(-8). Suppose -5*n = v - 117, -3*n + h = -5*v + 3. What is the units digit of n?
3
Let f(t) = 39*t**2 - 12*t + 39. What is the units digit of f(4)?
5
Let v(l) = 21*l - 14. Let b be v(6). Suppose 5*q = 4*k - b, 4*k - 113 = -3*q - 1. What is the tens digit of k?
2
Let y = 11 + -14. Let u be (-7)/((-14)/12)*y. Let a = -10 - u. What is the units digit of a?
8
Let t = -246 - -802. Suppose -4*u = 2*d - 584, 3*d = 4*u - 2*d - t. What is the units digit of ((-12)/8)/((-4)/u)?
4
Let m(k) = 5 + 6*k**2 + k**3 - k + 5*k + 2*k**3 - 4*k**3. What is the units digit of m(-5)?
0
Suppose -3252 = 7*z - 10*z. What is the hundreds digit of z?
0
Let u(n) = 12*n**2 + n - 2. Suppose 9 + 7 = 4*h. Suppose -h*y - 4 = -2*y. What is the units digit of u(y)?
4
Let o = 30 - -625. What is the tens digit of o?
5
Suppose 0*v - 4 = 3*u + v, 3*v + 3 = 0. Let o be u*(2 + -4) + 3. Suppose -3*s = 5*m - 204, m - 4*m = o*s - 132. What is the units digit of m?
9
Let q(f) = -f**2 + f + 37. Suppose -5 = -n - 6*a + 2*a, -4*a - 10 = -2*n. Let s = -5 + n. What is the tens digit of q(s)?
3
Let m(g) = -8*g + 12*g - 5*g + 12. Let r(i) = i**3 + 2*i**2 + i + 7. Let s be r(0). What is the units digit of m(s)?
5
Suppose 10 = -2*j - 2. Let g(x) = x**3 + 7*x**2 + 4*x - 2. What is the units digit of g(j)?
0
Let k(z) = -7*z - 9. Let t be k(5). Let c = t + 52. What is the units digit of c?
8
Let k(v) = -6 + 131*v + 4*v**2 - 131*v + 2. What is the tens digit of k(2)?
1
Let z(s) = 13*s**2 - s + 3. Let m(d) = -d**2 + 6*d + 5. Let q be m(7). What is the tens digit of z(q)?
5
Let k(s) = 4*s + 0 - 12*s + 19. What is the units digit of k(-7)?
5
Suppose -2*o - 2*q = -368, 2*o = 7*q - 4*q + 353. What is the tens digit of o?
8
Let r be (-3)/12 + 42/8. Suppose r*b - 624 - 91 = 0. What is the units digit of b?
3
Let u be 3/6 + (-211)/(-2). Suppose -b + 0*b = -u. What is the tens digit of b?
0
Let t(b) = -b**3 + 3*b**2 + 1128. What is the hundreds digit of t(0)?
1
Let n(b) = 3*b - 13. Let v be n(4). What is the units digit of (v - -2) + 95 + 4 + 2?
2
Let m be 1*1*(-86)/2. Let l = m + 22. Let t = l + 37. What is the tens digit of t?
1
Let z be -4 + 21/3 - 72. Let n = z - -101. What is the tens digit of n?
3
Suppose -9*o + 13*o = 32868. Let u be o/135 - (-2)/15. Suppose -4*f - u = -5*x + 23, 4*x - 63 = -f. What is the tens digit of x?
1
Suppose -4 = -3*w + 5. Suppose 4*q = q + 3, 0 = -3*i + w*q + 15. What is the units digit of (-32)/i*(-7 - -4)?
6
Suppose 5*p = p + 4768. What is the units digit of (-2)/(-4) + p/16?
5
Let m(t) = -208*t - 20. Let q be m(-4). Suppose -4*k + 2*